igit of s?
1
Let l be (2 - (4 + -3))*-18. Let a(p) = -p - 14. Let c be a(l). Suppose -g - h + 13 = -4*h, -34 = -g - c*h. What is the tens digit of g?
2
Suppose -2*r + 4*c = 2212, -3*r + 143 = -5*c + 3465. What is the units digit of 6/(-45) + r/(-30)?
7
Let f(c) = -8*c - 1. Suppose -5*r - 14 - 16 = -2*h, -5*r - h = 15. What is the units digit of f(r)?
1
Let j(x) = 67*x**2 + 3*x + 1. What is the tens digit of j(-2)?
6
Suppose -25 = 4*o - 3*g, 3*g + g = 4*o + 24. Let v(l) = -3*l + 4. Let s be v(o). Suppose -2*b = -b - s. What is the units digit of b?
5
Suppose v = 8*v - 3962. What is the units digit of v?
6
Suppose 6*t = 7*t - 221. What is the hundreds digit of t?
2
Suppose 2*j + 4 = -5*q, -5*j - 4*q = 3 + 7. Let b be (-264)/(-32) + j/8. Suppose 52 = -b*s + 9*s. What is the tens digit of s?
5
Suppose -4*y + h + 674 = -0*y, 4*y - 672 = 2*h. Suppose -t = -q - y, -84 = 5*t + 5*q - 909. What is the tens digit of t?
6
Let u = 445 - 300. Suppose a = -57 + u. Suppose 0 = 4*w - o - a + 5, -2*w = -o - 39. What is the tens digit of w?
2
Let p = 49 + -7. Suppose 0 = -3*j - 24 + p. What is the units digit of j?
6
Suppose 4*q - 6 - 2 = 0. Suppose 2*c + 18 = 4*k, 0*k = 4*c - 5*k + 51. Let h = q - c. What is the units digit of h?
1
Suppose -5*j + 89 = -5*m + 4*m, 4*m = -j + 22. What is the units digit of (-465)/(j/(-6))*(-4)/(-10)?
2
Let r = -101 + 99. What is the units digit of (2 - 102/15)/(r/35)?
4
Suppose -14 = -2*s - 4. Let p(g) = 6*g**2 - 11*g - 22. Let r be p(-3). Suppose -3*l - 102 = -s*i - 0*l, 2*l - r = -3*i. What is the tens digit of i?
2
Let u be (21/(-14))/(1/(-2)). Suppose -s - 19 = -u*t - 5, -t + 3*s = -10. Suppose 3*a = a - 2*m + t, -5*a + 16 = -m. What is the units digit of a?
3
Let p = -62 - -66. What is the units digit of ((-9450)/p)/(-9) + (-4)/8?
2
Suppose -2*l - 15 = -5*m - l, l = 4*m - 13. Suppose -3*j - 4*h + 364 = 2*j, 0 = -3*j - m*h + 218. What is the units digit of j?
2
Let a = -431 + 598. What is the units digit of a?
7
Let z = 14 + -22. Let y(l) = l + 2. Let c(i) = -i - 3. Let t(p) = -2*c(p) - 3*y(p). What is the units digit of t(z)?
8
Suppose 0*a = 6*a - 288. Let b = a - -12. What is the units digit of b?
0
Suppose -30979 = -54*w + 13355. What is the tens digit of w?
2
Let d be (-1)/(-4) - (21/4 + -5). Suppose 325 = 2*i - x, d = 2*i + 3*i - 2*x - 815. What is the hundreds digit of i?
1
Let g(k) = 36*k - 7. Suppose -5*s + d + 23 = 0, d + 16 - 3 = 3*s. What is the tens digit of g(s)?
7
Suppose -4*h = -3*s + 3, 5*h - h + s - 17 = 0. Suppose 0 = 5*y - l - 122, -l = -5*l - 8. Suppose -2*q - 2*r = h*q - y, 3*r = 6. What is the units digit of q?
4
Let q(u) = 453*u + 1. What is the hundreds digit of q(2)?
9
Let o = 1073 + 125. What is the hundreds digit of o?
1
Suppose 8*y = 21*y - 16588. What is the hundreds digit of y?
2
Let f = 16 + -11. Suppose -2*i + 5 - 2 = -5*c, -39 = -f*i + 2*c. Suppose -3*j + 30 = -i. What is the units digit of j?
3
Suppose 2*s = 2*m + 3*s - 2, -5*m = 5*s. Suppose -4*z = -2*u - 2*u, -m = -2*z + u. Suppose -z*x + x + 7 = 0. What is the units digit of x?
7
Let g be (-1)/5 + 2228/(-10). Let l = g + 413. What is the hundreds digit of l?
1
Suppose 16 = 4*n - 4*l, -1 = 5*n + 4*l - 3. Suppose 0 = -3*c + 4 + n. Let k(j) = 7*j**2 + j - 2. What is the tens digit of k(c)?
2
What is the hundreds digit of 546 + -33 + 8 + -1?
5
Let z be (-1)/(-1) - (-2 - 1*48). Let a = -5 + z. What is the units digit of a?
6
Suppose 0 = -110*a + 174*a - 285568. What is the tens digit of a?
6
Let p be (-12)/15 + 20/25. Let v(n) = n**2 - 6*n + 236. What is the tens digit of v(p)?
3
Suppose -2*c + 120 - 6 = 0. What is the hundreds digit of 1896/14 + c/(-133)?
1
Let m be 3/((2/561)/(10/15)). Suppose m = -6*u + 1605. What is the units digit of u?
4
Let p(w) = -w + 3. Let y be p(1). Let g = y + 14. What is the units digit of (-9)/4*g/(-4)?
9
Let l(w) = -59*w + 430. What is the units digit of l(-26)?
4
Let k = -27 - -29. Suppose 0 = -k*z + 7*z - 25. Suppose z*s - 2 = 8. What is the units digit of s?
2
Suppose 4*q = 5*k - 8, -4*k + 0 + 31 = 5*q. Suppose -6*v + q*v + 2*t - 6 = 0, -v - 3*t = 13. Let c = 6 - v. What is the units digit of c?
0
Let w(z) = z**3 - z**2 - z - 2. Let h(k) = -4*k - 2. Let u be h(-1). Let v be w(u). Suppose v = 3*y + 2*y - 105. What is the tens digit of y?
2
Let k = -7 + 2. Let v(a) = 13*a + 2. Let m(n) = -11*n - 4. Let q(o) = 3*m(o) + 2*v(o). What is the units digit of q(k)?
7
Let p(a) = 2*a**2 - 9*a + 34. What is the tens digit of p(6)?
5
Suppose -115745 - 54639 = -46*t. What is the units digit of t?
4
Let g = 19 - 18. Let f(v) = 157*v + 3. Let x be f(g). Suppose -5*q = -2*n - 2*n - 288, -3*q - 4*n = -x. What is the units digit of q?
6
Let y(n) = -3*n**3 - 5*n**2 + 20*n + 88. What is the hundreds digit of y(-6)?
4
What is the hundreds digit of (-32657)/(-51) + (-3)/9?
6
Let m be 2/(-10) + ((-19136)/20)/(-4). Suppose 0 = 3*x - m - 328. What is the hundreds digit of x?
1
Let h(p) = 29*p - 6. Let d(j) = j. Let i(y) = -2*d(y) - h(y). What is the units digit of i(-3)?
9
Let x be -4 + 2 + 55 + 4. Let q = x + -20. What is the units digit of q?
7
Let s(j) = j**3 - 8*j**2 + 8*j - 3. Let g be s(7). Suppose -2*r + 4 = -4*i + 2*r, -31 = -g*i - 3*r. Suppose -i*w + 6*w = 20. What is the units digit of w?
0
Let i be ((-57)/(-2))/(4/(-24)). Let k = -116 - i. What is the units digit of k?
5
Let q = -482 - -818. What is the tens digit of q?
3
What is the units digit of (-164906)/(-49) + 0 - (-20)/35?
6
Let i(m) = -2*m**3 - 13*m**2 - 11*m - 22. What is the hundreds digit of i(-8)?
2
Let w(r) = -r**2 + 17*r + 4. Let v be w(11). Suppose -5*n - 9 = -4*g, 4*n = 3 + 9. Suppose 2*y - v = g. What is the units digit of y?
8
Let d be (-375 + -1)/4 + (-2)/(-1). Let l = d + 321. What is the hundreds digit of l?
2
Suppose l = -2*s + 2371, -5*l + 3552 = 3*s - 1. What is the units digit of s?
6
Let f = 18770 + -12736. What is the tens digit of f?
3
Let q(m) = -3*m + 38. Let t be q(11). Suppose -t*j = -20, c + 7*j - 4*j - 130 = 0. What is the tens digit of c?
1
Suppose -5*b - 5*n + 2845 = 0, 1687 = -2*b + 5*b - 2*n. What is the tens digit of b?
6
Let z(w) = 3*w**2 - 7*w - 9. Let i be ((-1)/(-3))/((-2)/(-36)). What is the tens digit of z(i)?
5
Suppose -2*a - 5 = 15. Let x be (-2)/a + (-4581)/(-45). Let m = x - 59. What is the tens digit of m?
4
Let w = -7515 + 11014. What is the hundreds digit of w?
4
Let l(u) = -443*u - 303. What is the hundreds digit of l(-9)?
6
Let x = 4385 + -2961. What is the tens digit of x?
2
Suppose -3*i + 88 = -i. Let w be ((-105)/(-10))/7*2. Suppose 0 = -w*r + 179 - i. What is the units digit of r?
5
Let g = 107 - 61. Suppose -3*f + 4*l = 0, 3*l + 29 = -0*f - 5*f. Let c = g - f. What is the tens digit of c?
5
Suppose -12*l + 561 + 2283 = 0. What is the hundreds digit of l?
2
Suppose -13*i + 7*i = -378. Suppose 3*x - x - 54 = 4*m, 4*x = -m + i. What is the tens digit of x?
1
Let l(x) = -4 - x + 6 + 27*x**2 + 2*x - 4. What is the units digit of l(2)?
8
Let w = 4128 + -2660. What is the hundreds digit of w?
4
Suppose -5*y + 146 = 4*i + 30, 3*i = 3*y + 87. Suppose 24 = -4*o - 32. Let q = i + o. What is the tens digit of q?
1
Let q = 800 - -1138. What is the thousands digit of q?
1
Suppose 5*o = j + 410, -2*o - 3*o - 2*j = -425. Let i = o - 35. What is the tens digit of i?
4
Suppose -28*q = -28010 - 20682. What is the units digit of q?
9
Suppose c - 8*c + 21 = 0. Suppose -2*w + 11 = b - 36, w + 120 = c*b. What is the units digit of b?
1
Suppose -4*z + 2 = -3*z. Suppose -2*a + 4*f + 28 = 0, 0 = -a + z*a + 3*f + 11. What is the tens digit of ((-44)/8 + a)*-20?
3
Let f(r) = -r**3 + 18*r**2 - 14*r - 45. Let o be f(17). What is the tens digit of (-9)/o*950/(-15)?
9
Let w = -56 - -58. Suppose -4*y + 24 = w*y. What is the units digit of y?
4
Suppose -15*f = -1183 - 2537. What is the tens digit of f?
4
Let s = 2523 - 1236. What is the hundreds digit of s?
2
Let s be (-2)/(0 - 6/9). Suppose 0*m - s*m = 45. What is the units digit of (-6)/m - 206/(-10)?
1
Let x = -36 + 13. What is the tens digit of x/(4/32*-2)?
9
Let m(h) = 20*h**2 + 29*h + 40. What is the hundreds digit of m(-11)?
1
Suppose y - 2704 = -2*y - 2*p, 2*p = -2*y + 1800. What is the units digit of y/16 + (-1)/(-2)?
7
Suppose -8*i + 38 = 6. Suppose 0 = 4*s - 0*n - n - 189, 3*n + 15 = 